 and k?
19
Let p(k) = 4*k + 2. Let r be p(0). Suppose -r*a - 3*g + 2 = 0, -a - 6 = -2*a + g. Calculate the highest common divisor of a and 2.
2
Let p = 83 + -159. Let u be (-3 - 2*p/8) + 2. Calculate the highest common factor of u and 198.
18
Let i = 63 + -69. Let a(j) be the first derivative of j**3/3 + 5*j**2/2 + 3*j + 1. Let s be a(i). Calculate the highest common factor of 63 and s.
9
Let v = -910 + 918. Let c = -11 - -12. Calculate the greatest common factor of v and c.
1
Let s = 3539 + -2765. Calculate the greatest common divisor of 86 and s.
86
Suppose 0 = -3*x - 3*s - 15 + 111, -4*x + 116 = s. Let a = 232 + -228. Calculate the greatest common divisor of a and x.
4
Let p be 3/2 + (-9)/(-6). Let u = 6 - p. Suppose 2*m = -u*m + 60. What is the highest common divisor of m and 12?
12
Suppose 49*q - 48*q - 68 = -3*j, -4*j + 80 = 4*q. Calculate the highest common factor of 104 and j.
8
Suppose 5*k + 0 = 130. Calculate the highest common factor of k and 416.
26
Let q be -3*(5 + 9 + -18). What is the greatest common factor of 54 and q?
6
Suppose -w = -4*w + 24. Let b be (w/(-6))/(6/(-9)). Suppose 28 = 2*o + b*t, -t = -3*o - 5*t + 46. What is the greatest common factor of o and 10?
10
Let i be 28250/450 + 4/18. What is the greatest common divisor of i and 99?
9
Let z = -27 + 59. Suppose -85 = 3*t - 5*n - 436, -n + 557 = 5*t. Calculate the highest common factor of t and z.
16
Let u(o) be the second derivative of o**4/12 + o**3/6 + 7*o**2/2 - 5*o. Let l be u(-5). Calculate the highest common divisor of 54 and l.
27
Let h be (-12)/(-66) - 6/33. Let t(d) = -d**2 + d + 33. Let a be t(h). Let r = -9 + 31. What is the greatest common factor of r and a?
11
Suppose 7*k - 6*k = 2. Suppose k*f - 257 = 139. What is the greatest common factor of 18 and f?
18
Let z be ((-46)/5)/(246/(-205))*3. Suppose -13 - 4 = -3*l + 4*r, 3*l = -5*r - 1. Suppose -l*d = -4*d + 184. What is the greatest common divisor of d and z?
23
Suppose -5*n = z + 7, -z - n = 3*z - 48. Let y be -3 + 3 - (-1 + -2). Suppose -y*l - 2*l + 195 = 0. What is the highest common factor of z and l?
13
Let i = -1912 + 1974. What is the highest common factor of i and 24?
2
Let p be (-28)/(-8) + -4 - (-1412)/8. What is the greatest common divisor of p and 484?
44
Let l = 57 + 7. Suppose -67 = 5*y - 2*c, 2*y = -y - 5*c - 34. Let v(u) = -u**2 - 13*u + 8. Let a be v(y). Calculate the highest common divisor of l and a.
8
Suppose -72 = -2*i - i. Suppose a + o - 5 = 0, -5*o + 23 = a + 2*a. Let w be (4 - a - -67) + 2. What is the greatest common divisor of i and w?
24
Let a(v) = -v + 7. Let s be a(3). Suppose 0 = s*x + 3 - 23. Calculate the greatest common divisor of 35 and x.
5
Suppose -q = 6*q - 98. Let z = q + -23. Let h be 2*4 + (-12 - z). Calculate the greatest common factor of h and 55.
5
Suppose 2*m + 175 = -3*m. Let t be (60/m)/(4/(-70)). What is the highest common divisor of t and 6?
6
Let k(s) = s**2 - 12. Let p be k(-5). Let j(m) = m**3 - 13*m**2 + m - 1. Let c be j(p). What is the greatest common factor of 60 and c?
12
Suppose 172*f - 168*f - 340 = 5*q, 0 = 3*f + 4*q - 286. Calculate the greatest common factor of 290 and f.
10
Suppose -2*p + 3*y = 3*p - 537, y - 521 = -5*p. Let w(m) = 24*m - 9. Let d be w(1). Calculate the highest common divisor of d and p.
15
Suppose -6 = -n - 4*n - 3*h, 0 = 5*n + 5*h. Let x = -1 + n. Suppose 34 = 2*k + k + 2*y, 3*y = -x*k + 16. Calculate the greatest common factor of k and 28.
14
Let j be (2 + 3)*(41 + 4/2). Calculate the greatest common divisor of 10 and j.
5
Suppose -3*t - 3*t + 3960 = 0. Calculate the highest common divisor of 66 and t.
66
Let d = -1559 + 1575. Let f = -403 - -579. Calculate the highest common divisor of f and d.
16
Let q = 742 + -624. What is the highest common factor of 4 and q?
2
Suppose 0 = -18*c + 15*c + 5*t + 16, 2*c + t - 2 = 0. Calculate the highest common divisor of 32 and c.
2
Let w(u) = -8*u**2 + 2*u + 330. Let r be w(0). Calculate the highest common factor of r and 60.
30
Let z = 37 - 41. Let x = 9 + z. What is the greatest common divisor of x and 40?
5
Let o = -85 - -120. Suppose -n + o = 5*f + 2*n, 0 = 4*f - 5*n + 9. Calculate the greatest common factor of f and 4.
4
Let s be (-2)/(-7) - (-52)/14. Suppose 55*q + 42 = 62*q. What is the greatest common divisor of q and s?
2
Let j(m) = m**2 + m - 8. Let k = -30 + 34. Let o be j(k). What is the highest common factor of 132 and o?
12
Suppose -270 + 39 = h + 3*u, h - 5*u = -199. Let l = -131 - h. Let n = l - 34. Calculate the highest common divisor of n and 135.
27
Let h be (-8)/12*15/10. Let t be (-455)/25*5/h. Calculate the highest common divisor of t and 13.
13
Let b(a) = -a**3 + 3*a**2 + 12*a - 11. Let f be b(5). Let t(p) = -p - p + p + 35*p**2. Let k be t(f). What is the highest common factor of k and 12?
12
Let a be 0*(-2)/2*-1. Suppose 3*g - 8 = -v, a = -0*v - 5*v - 2*g + 40. Let z = 3 + v. Calculate the greatest common factor of 11 and z.
11
Let v = 191 - 151. Calculate the greatest common factor of v and 50.
10
Let j = -96 - -102. Suppose -4*q + j + 62 = 0. What is the greatest common divisor of 34 and q?
17
Let j = -188 + 224. What is the highest common divisor of 9 and j?
9
Suppose 0*s + 2*s + 20 = 0. Let i be (-115)/s - 1/(-2). Calculate the highest common factor of i and 96.
12
Suppose 25 = x + 3*w, -7 = -5*x + 2*w + 33. Let h be (x/(-1))/(30/(-195)). Let i be (h/(-15))/(2/(-6)). What is the highest common divisor of 91 and i?
13
Let x(c) = -2*c + 2. Let n be x(-2). Suppose 0 = 4*k + n - 310. Calculate the highest common divisor of 38 and k.
38
Let b = 27 - -349. Calculate the greatest common factor of 141 and b.
47
Let g(v) = -v**2 + 22*v - 44. Let c be g(19). What is the greatest common divisor of 221 and c?
13
Let x = 148 + -141. Suppose x = 9*l - 83. What is the highest common factor of 70 and l?
10
Suppose 0 = -2*h - 6, c - 2*h - 4 - 11 = 0. Let y be (3/2)/((-6)/8). Let u be -3 + 3 - (y - 1). What is the highest common divisor of c and u?
3
Let x(f) = 27*f**3 + f**2. Let a be x(-1). Let c be 39*(-2)/(5 + 4 + -3). Let g = c - a. What is the greatest common divisor of 143 and g?
13
Let v = -344 - -376. What is the greatest common divisor of v and 16?
16
Suppose 233*s = 263*s - 360. Calculate the highest common divisor of s and 372.
12
Suppose 0 = -3*p - 3*h + 34 + 47, -4*h + 60 = 2*p. What is the highest common factor of p and 84?
12
Suppose -5*x - 21*p + 681 = -19*p, 12 = 4*p. What is the greatest common factor of 105 and x?
15
Suppose 4*n + 5 = u + 9, 0 = -5*n - 4*u + 26. What is the greatest common factor of n and 1?
1
Let z be 8/(-14) + (13 - 3690/(-14)). What is the highest common factor of 345 and z?
69
Let x(r) = 32*r + 8. Let c be x(1). Calculate the highest common divisor of c and 8.
8
Let n(f) = -13*f + 29. Let c be n(10). Let s be 3 - 2 - 1*3. Let j be (-2)/4 + c/s. What is the highest common factor of j and 125?
25
Suppose -17*u = 15*u - 896. What is the greatest common factor of 112 and u?
28
Let g(b) = -3*b**3 - 6*b**2 + 9*b + 38. Let z be g(-3). Calculate the highest common divisor of 475 and z.
19
Let q(i) = 2*i**2 - 18*i - 11. Let v be q(11). Let n(u) = -u**3 + 10*u**2 + 4. Let m be n(8). Calculate the highest common divisor of v and m.
33
Let y(g) = -8*g + 548. Let s be y(-20). What is the highest common factor of s and 48?
12
Let r be 14350/28*(0 - (-12)/10). Calculate the greatest common factor of 15 and r.
15
Suppose 81 + 51 = 4*y - 2*u, -5*y + u = -159. Let v = -13 + 106. What is the highest common divisor of v and y?
31
Let n be 3 - (-3 + 4 + -2). Suppose -4 = -2*w + n. Suppose -4*q - 11 = 4*h + q, -3*h + 15 = -w*q. What is the greatest common divisor of 7 and h?
1
Suppose 14*s - 624 = 6*s. Let a = s - 59. What is the greatest common divisor of 57 and a?
19
Suppose 0 = 70*m - 65*m + 240. Let v = -37 - m. Suppose -x - 3*t + 103 = 0, t + 205 = 3*x - 54. What is the greatest common factor of v and x?
11
Suppose -3 - 7 = -2*s. Suppose -3 = -s*c + 32. Let w(v) = -v + 14. Let g be w(c). Calculate the greatest common factor of g and 77.
7
Suppose 0 = 4*n - 12, -2*g + 5*n = 15 - 54. Suppose -r - g = -4*z, -33 = -3*z - r + 6*r. Let f = -7 - -19. Calculate the greatest common factor of z and f.
6
Let c(a) = a**2 + 8*a - 139. Let u be c(-17). What is t